{"id":568,"date":"2022-04-16T21:31:50","date_gmt":"2022-04-17T00:31:50","guid":{"rendered":"http:\/\/ctgradiva.com.ar\/gradiva\/?page_id=568"},"modified":"2023-06-25T17:13:35","modified_gmt":"2023-06-25T20:13:35","slug":"equipo","status":"publish","type":"page","link":"https:\/\/ctgradiva.com.ar\/gradiva\/equipo\/","title":{"rendered":"Equipo"},"content":{"rendered":"\n<h3 class=\"wp-block-heading\">-Nuestros Profesionales-<\/h3>\n\n\n\n<h3 class=\"wp-block-heading\">Gradiva es una escuela de vida. Ense\u00f1a volver a vivir.<\/h3>\n\n\n\n<ul class=\"wp-block-list\">\n<li>Director General<br>Dr. Juan Alberto Yar\u00eda<\/li>\n\n\n\n<li>Director M\u00e9dico<br>Dr. Andr\u00e9s Doria<\/li>\n<\/ul>\n\n\n\n<h3 class=\"wp-block-heading\">ASESORES DE DIRECCI\u00d3N PERMANENTE<\/h3>\n\n\n\n<h3 class=\"wp-block-heading\">Neuro Ciencia y Neuro Psiquiatr\u00eda:<\/h3>\n\n\n\n<ul class=\"wp-block-list\">\n<li>Dr. Guillermo Del Monte<\/li>\n<\/ul>\n\n\n\n<h3 class=\"wp-block-heading\">Psicoanalista:<\/h3>\n\n\n\n<ul class=\"wp-block-list\">\n<li>Dr. Jos\u00e9 Milmaniene<\/li>\n<\/ul>\n\n\n\n<h3 class=\"wp-block-heading\">PROGRAMAS FASE I<\/h3>\n\n\n\n<h3 class=\"wp-block-heading\">Directores:<\/h3>\n\n\n\n<ul class=\"wp-block-list\">\n<li>Lic. Marcos Szeliga<\/li>\n\n\n\n<li>Prof. Osvaldo Lettieri<\/li>\n<\/ul>\n\n\n\n<h3 class=\"wp-block-heading\">Equipo Operadores Terap\u00e9uticos:<\/h3>\n\n\n\n<ul class=\"wp-block-list\">\n<li>Lic. G. Godoy<\/li>\n\n\n\n<li>Lic,. Sof\u00eda Vonte<\/li>\n<\/ul>\n\n\n\n<h3 class=\"wp-block-heading\">Jefe de Psiquiatr\u00eda:<\/h3>\n\n\n\n<ul class=\"wp-block-list\">\n<li>Dr. Andr\u00e9s Doria<\/li>\n<\/ul>\n\n\n\n<h2 class=\"wp-block-heading\">PROGRAMAS FASE II<\/h2>\n\n\n\n<h3 class=\"wp-block-heading\">Director:<\/h3>\n\n\n\n<ul class=\"wp-block-list\">\n<li>O.S.T. Leandro Yar\u00eda<\/li>\n<\/ul>\n\n\n\n<p style=\"font-size:25px\"><strong>Jefe de Psiquiatr\u00eda<\/strong><\/p>\n\n\n\n<p>Dr. Jhony Contreras<\/p>\n\n\n\n<h3 class=\"wp-block-heading\">Subdirectores:<\/h3>\n\n\n\n<ul class=\"wp-block-list\">\n<li>Gustavo Martinez<\/li>\n\n\n\n<li>Fabi\u00e1n Nievas<\/li>\n<\/ul>\n\n\n\n<h2 class=\"wp-block-heading\">PROGRAMAS FASE III<\/h2>\n\n\n\n<h3 class=\"wp-block-heading\">Director:<\/h3>\n\n\n\n<ul class=\"wp-block-list\">\n<li>Lic. Esteban Yar\u00eda<\/li>\n<\/ul>\n\n\n\n<h3 class=\"wp-block-heading\">Subdirectores:<\/h3>\n\n\n\n<ul class=\"wp-block-list\">\n<li>Lic. Ra\u00fal Russino<\/li>\n<\/ul>\n\n\n\n<h2 class=\"wp-block-heading\">PROGRAMAS MUJERES<\/h2>\n\n\n\n<h3 class=\"wp-block-heading\">Directores:<\/h3>\n\n\n\n<ul class=\"wp-block-list\">\n<li>Lic. Sebasti\u00e1n Yar\u00eda<\/li>\n<\/ul>\n\n\n\n<h3 class=\"wp-block-heading\">Directora M\u00e9dica<\/h3>\n\n\n\n<ul class=\"wp-block-list\">\n<li>Dra. Mercedes Starpoli<\/li>\n<\/ul>\n\n\n\n<h3 class=\"wp-block-heading\">Subdirectores<\/h3>\n\n\n\n<ul class=\"wp-block-list\">\n<li>Lic. David Rodr\u00edguez<\/li>\n\n\n\n<li>Lic. Leonardo de Luca<\/li>\n<\/ul>\n\n\n\n<p class=\"has-medium-font-size\"><strong>Psicoterapeuta:<\/strong><\/p>\n\n\n\n<p>Lic Ang\u00e9lica Jofre<\/p>\n\n\n\n<h2 class=\"wp-block-heading\">FASE IV TRATAMIENTO AMBULATORIO<\/h2>\n\n\n\n<h3 class=\"wp-block-heading\">Hombres<\/h3>\n\n\n\n<ul class=\"wp-block-list\">\n<li>Director: Profesor Osvaldo Lettieri<\/li>\n\n\n\n<li>Lic. Gustavo Mart\u00ednez<\/li>\n\n\n\n<li>Prof. Osvaldo Lettieri<\/li>\n<\/ul>\n\n\n\n<h3 class=\"wp-block-heading\">Mujeres<\/h3>\n\n\n\n<ul class=\"wp-block-list\">\n<li>Ang\u00e9lica Jofre<\/li>\n<\/ul>\n\n\n\n<h2 class=\"wp-block-heading\">PERSONAL DE STAFF<\/h2>\n\n\n\n<h3 class=\"wp-block-heading\">Directora de Clinica Medica<\/h3>\n\n\n\n<ul class=\"wp-block-list\">\n<li>Dr. J. Cohen Sabban<\/li>\n<\/ul>\n\n\n\n<h3 class=\"wp-block-heading\">Jefa de Estudios Cl\u00ednicos:<\/h3>\n\n\n\n<ul class=\"wp-block-list\">\n<li>Licenciada Maria Emilia Facio<\/li>\n<\/ul>\n","protected":false},"excerpt":{"rendered":"<p>-Nuestros Profesionales- Gradiva es una escuela de vida. Ense\u00f1a volver a vivir. ASESORES DE DIRECCI\u00d3N PERMANENTE Neuro Ciencia y Neuro Psiquiatr\u00eda: Psicoanalista: PROGRAMAS FASE I Directores: Equipo Operadores Terap\u00e9uticos: Jefe de Psiquiatr\u00eda: PROGRAMAS FASE II Director: Jefe de Psiquiatr\u00eda Dr. Jhony Contreras Subdirectores: PROGRAMAS FASE III Director: Subdirectores: PROGRAMAS MUJERES Directores: Directora M\u00e9dica Subdirectores Psicoterapeuta: [&hellip;]<\/p>\n","protected":false},"author":1,"featured_media":0,"parent":0,"menu_order":0,"comment_status":"closed","ping_status":"closed","template":"","meta":{"_monsterinsights_skip_tracking":false,"_monsterinsights_sitenote_active":false,"_monsterinsights_sitenote_note":"","_monsterinsights_sitenote_category":0,"_uf_show_specific_survey":0,"_uf_disable_surveys":false,"footnotes":""},"class_list":["post-568","page","type-page","status-publish","hentry"],"aioseo_notices":[],"_links":{"self":[{"href":"https:\/\/ctgradiva.com.ar\/gradiva\/wp-json\/wp\/v2\/pages\/568","targetHints":{"allow":["GET"]}}],"collection":[{"href":"https:\/\/ctgradiva.com.ar\/gradiva\/wp-json\/wp\/v2\/pages"}],"about":[{"href":"https:\/\/ctgradiva.com.ar\/gradiva\/wp-json\/wp\/v2\/types\/page"}],"author":[{"embeddable":true,"href":"https:\/\/ctgradiva.com.ar\/gradiva\/wp-json\/wp\/v2\/users\/1"}],"replies":[{"embeddable":true,"href":"https:\/\/ctgradiva.com.ar\/gradiva\/wp-json\/wp\/v2\/comments?post=568"}],"version-history":[{"count":12,"href":"https:\/\/ctgradiva.com.ar\/gradiva\/wp-json\/wp\/v2\/pages\/568\/revisions"}],"predecessor-version":[{"id":10088,"href":"https:\/\/ctgradiva.com.ar\/gradiva\/wp-json\/wp\/v2\/pages\/568\/revisions\/10088"}],"wp:attachment":[{"href":"https:\/\/ctgradiva.com.ar\/gradiva\/wp-json\/wp\/v2\/media?parent=568"}],"curies":[{"name":"wp","href":"https:\/\/api.w.org\/{rel}","templated":true}]}}